{"id":616,"date":"2022-03-17T16:55:34","date_gmt":"2022-03-17T15:55:34","guid":{"rendered":"https:\/\/lmfv-ag.de\/?page_id=616"},"modified":"2022-03-17T17:17:30","modified_gmt":"2022-03-17T16:17:30","slug":"geschaftsordnung","status":"publish","type":"page","link":"https:\/\/lmfv-ag.de\/?page_id=616","title":{"rendered":"Gesch\u00e4ftsordnung"},"content":{"rendered":"\t\t<div data-elementor-type=\"wp-page\" data-elementor-id=\"616\" class=\"elementor elementor-616\" data-elementor-settings=\"[]\">\n\t\t\t\t\t\t\t<div class=\"elementor-section-wrap\">\n\t\t\t\t\t\t\t<section class=\"elementor-section elementor-top-section elementor-element elementor-element-0808ce9 elementor-section-full_width elementor-section-height-default elementor-section-height-default\" data-id=\"0808ce9\" data-element_type=\"section\">\n\t\t\t\t\t\t<div class=\"elementor-container elementor-column-gap-default\">\n\t\t\t\t\t<div class=\"elementor-column elementor-col-100 elementor-top-column elementor-element elementor-element-17960d2\" data-id=\"17960d2\" data-element_type=\"column\">\n\t\t\t<div class=\"elementor-widget-wrap elementor-element-populated\">\n\t\t\t\t\t\t\t\t<div class=\"elementor-element elementor-element-d58d7b1 elementor-widget elementor-widget-heading\" data-id=\"d58d7b1\" data-element_type=\"widget\" data-widget_type=\"heading.default\">\n\t\t\t\t<div class=\"elementor-widget-container\">\n\t\t\t<style>\/*! elementor - v3.5.3 - 28-12-2021 *\/\n.elementor-heading-title{padding:0;margin:0;line-height:1}.elementor-widget-heading .elementor-heading-title[class*=elementor-size-]>a{color:inherit;font-size:inherit;line-height:inherit}.elementor-widget-heading .elementor-heading-title.elementor-size-small{font-size:15px}.elementor-widget-heading .elementor-heading-title.elementor-size-medium{font-size:19px}.elementor-widget-heading .elementor-heading-title.elementor-size-large{font-size:29px}.elementor-widget-heading .elementor-heading-title.elementor-size-xl{font-size:39px}.elementor-widget-heading .elementor-heading-title.elementor-size-xxl{font-size:59px}<\/style><h2 class=\"elementor-heading-title elementor-size-default\">Gesch\u00e4ftsordnung<\/h2>\t\t<\/div>\n\t\t\t\t<\/div>\n\t\t\t\t\t<\/div>\n\t\t<\/div>\n\t\t\t\t\t\t\t<\/div>\n\t\t<\/section>\n\t\t\t\t<section class=\"elementor-section elementor-top-section elementor-element elementor-element-c8759da elementor-section-boxed elementor-section-height-default elementor-section-height-default\" data-id=\"c8759da\" data-element_type=\"section\">\n\t\t\t\t\t\t<div class=\"elementor-container elementor-column-gap-default\">\n\t\t\t\t\t<div class=\"elementor-column elementor-col-100 elementor-top-column elementor-element elementor-element-4dfe718\" data-id=\"4dfe718\" data-element_type=\"column\">\n\t\t\t<div class=\"elementor-widget-wrap\">\n\t\t\t\t\t\t\t\t\t<\/div>\n\t\t<\/div>\n\t\t\t\t\t\t\t<\/div>\n\t\t<\/section>\n\t\t\t\t<section class=\"elementor-section elementor-top-section elementor-element elementor-element-d18bee3 elementor-section-boxed elementor-section-height-default elementor-section-height-default\" data-id=\"d18bee3\" data-element_type=\"section\">\n\t\t\t\t\t\t<div class=\"elementor-container elementor-column-gap-default\">\n\t\t\t\t\t<div class=\"elementor-column elementor-col-100 elementor-top-column elementor-element elementor-element-4b7617c\" data-id=\"4b7617c\" data-element_type=\"column\">\n\t\t\t<div class=\"elementor-widget-wrap elementor-element-populated\">\n\t\t\t\t\t\t\t\t<div class=\"elementor-element elementor-element-f373b52 elementor-widget elementor-widget-text-editor\" data-id=\"f373b52\" data-element_type=\"widget\" data-widget_type=\"text-editor.default\">\n\t\t\t\t<div class=\"elementor-widget-container\">\n\t\t\t<style>\/*! elementor - v3.5.3 - 28-12-2021 *\/\n.elementor-widget-text-editor.elementor-drop-cap-view-stacked .elementor-drop-cap{background-color:#818a91;color:#fff}.elementor-widget-text-editor.elementor-drop-cap-view-framed .elementor-drop-cap{color:#818a91;border:3px solid;background-color:transparent}.elementor-widget-text-editor:not(.elementor-drop-cap-view-default) .elementor-drop-cap{margin-top:8px}.elementor-widget-text-editor:not(.elementor-drop-cap-view-default) .elementor-drop-cap-letter{width:1em;height:1em}.elementor-widget-text-editor .elementor-drop-cap{float:left;text-align:center;line-height:1;font-size:50px}.elementor-widget-text-editor .elementor-drop-cap-letter{display:inline-block}<\/style>\t\t\t\t<p style=\"text-align: center;\"><strong>Arbeitsgemeinschaft der Landesmotorsportfachverb\u00e4nde \u2013 Stand 03\/2022<\/strong><\/p><p style=\"padding-left: 40px;\"><strong>1.<\/strong> Die Arbeitsgemeinschaft ist ein Zusammenschluss der Landesmotorsportfachverb\u00e4nde (LMFV) innerhalb des Deutschen Motor Sport Bundes (DMSB). Das Ziel ist die Beratung und Wahrung gemeinsamer Interessen, wobei die Wahrnehmung der Mitgliederrechte im DMSB oder anderen Organisationen durch den einzelnen LMFV unber\u00fchrt bleibt.<\/p><p style=\"padding-left: 40px;\"><strong>2.<\/strong> Die Arbeitsgemeinschaft wird ohne eigene Rechtspers\u00f6nlichkeit auf Grundlage dieser Gesch\u00e4ftsordnung t\u00e4tig.<\/p><p style=\"padding-left: 40px;\"><strong>3.<\/strong> Unabh\u00e4ngig vom Recht eines Verbandes auf Darstellung einer abweichenden Meinung wird die Auffassung der LMFV zu bestimmten Fragen durch Abstimmung gebildet und als Mehrheitsmeinung gegen\u00fcber dem DMSB oder anderen Organisationen vertreten.<\/p><p style=\"padding-left: 40px;\"><strong>4.<\/strong> Bei Abstimmungen hat jeder Verband die Anzahl Stimmen, die bei der letzten ordentlichen Mitgliederversammlung des DMSB gem\u00e4\u00df \u00a7 9, Ziff. 2.3 der DMSB Satzung auf die einzelnen Landesmotorsportfachverb\u00e4nde als Gesamtstimmen verteilt wurden. Diese werden durch den bevollm\u00e4chtigten Vertreter des LMFV ausge\u00fcbt.<\/p><p style=\"padding-left: 40px;\"><strong>5.<\/strong> Die Arbeitsgemeinschaft tritt bei Bedarf zusammen, mindestens aber einmal vor der j\u00e4hrlichen Mitgliederversammlung des DMSB und einmal im 2. Halbjahr. Antr\u00e4ge zur Tagesordnung kann jeder LMFV stellen.<\/p><p style=\"padding-left: 40px;\"><strong>6.<\/strong> Von den bevollm\u00e4chtigten Vertretern der LMFV wird eine Gesch\u00e4ftsf\u00fchrung, bestehend aus drei Personen gew\u00e4hlt. Diese bestimmen innerhalb der Gesch\u00e4ftsf\u00fchrung einen Sprecher gegen\u00fcber dem DMSB oder anderen Organisationen. Je ein Mitglied der GF vertritt die AG in der Sportkommission Automobil und Motorrad beim DMSB. Die Festlegung der Gesch\u00e4ftsanschrift der Arbeitsgemeinschaft obliegt den drei Mitgliedern der Gesch\u00e4ftsf\u00fchrung. Die Mitglieder der Gesch\u00e4ftsf\u00fchrung legen den Vertreter des LMFV Sachsen als zentrale Kontaktperson fest.<\/p><p style=\"padding-left: 40px;\"><strong>7.<\/strong> Die Amtsperiode der gew\u00e4hlten Gesch\u00e4ftsf\u00fchrung entspricht der vierj\u00e4hrigen Legislaturperiode des DMSB-Pr\u00e4sidiums.<\/p><p style=\"padding-left: 40px;\"><strong>8.<\/strong> Ein Mitglied der Gesch\u00e4ftsf\u00fchrung ist f\u00fcr das Kassenwesen zust\u00e4ndig. F\u00fcr die Arbeitsgemeinschaft wird ein Treuhandkonto eingerichtet.\u00a0<\/p><p style=\"padding-left: 40px;\"><strong>9.<\/strong> Die Verwaltungskosten, Bewirtungskosten, Pauschalen werden aus den j\u00e4hrlichen Beitr\u00e4gen \u00fcbernommen. Notwendige Nebenkosten werden gegen Beleg erstattet.<\/p><p style=\"padding-left: 40px;\"><strong>10.<\/strong> Von der Arbeitsgemeinschaft wird allj\u00e4hrlich die H\u00f6he des Jahresbeitrages festgelegt. F\u00fcr 2022 sind entsprechend der Anzahl der Stimmen der einzelnen LMFV gem. Punkt 4 der Gesch\u00e4ftsordnung pro Stimme 60,- Euro als Jahresbeitrag zu entrichten, der per Rechnung sp\u00e4testens im zweiten Quartal des Jahres angefordert und sofort f\u00e4llig wird.<\/p><p style=\"padding-left: 40px;\"><strong>11.<\/strong> Die Kasse der LMFV ist j\u00e4hrlich von zwei weiteren LMFV-Vertretern, die nicht Mitglied der Gesch\u00e4ftsf\u00fchrung sind, zu pr\u00fcfen.<\/p><p style=\"padding-left: 40px;\"><strong>12.<\/strong> \u00c4nderungen und Erg\u00e4nzungen dieser Gesch\u00e4ftsordnung bed\u00fcrfen der Beschlussfassung in einer ordentlich einberufenen Versammlung der Arbeitsgemeinschaft.<\/p>\t\t\t\t\t\t<\/div>\n\t\t\t\t<\/div>\n\t\t\t\t\t<\/div>\n\t\t<\/div>\n\t\t\t\t\t\t\t<\/div>\n\t\t<\/section>\n\t\t\t\t\t\t<\/div>\n\t\t\t\t\t<\/div>\n\t\t","protected":false},"excerpt":{"rendered":"<p>Gesch\u00e4ftsordnung Arbeitsgemeinschaft der Landesmotorsportfachverb\u00e4nde \u2013 Stand 03\/2022 1. Die Arbeitsgemeinschaft ist ein Zusammenschluss der Landesmotorsportfachverb\u00e4nde (LMFV) innerhalb des Deutschen Motor Sport Bundes (DMSB). Das Ziel ist die Beratung und Wahrung gemeinsamer Interessen, wobei die Wahrnehmung der Mitgliederrechte im DMSB oder anderen Organisationen durch den einzelnen LMFV unber\u00fchrt bleibt. 2. Die Arbeitsgemeinschaft wird ohne eigene Rechtspers\u00f6nlichkeit &hellip; <\/p>\n<p class=\"link-more\"><a href=\"https:\/\/lmfv-ag.de\/?page_id=616\" class=\"more-link\"><span class=\"screen-reader-text\">\u201eGesch\u00e4ftsordnung\u201c<\/span> weiterlesen<\/a><\/p>\n","protected":false},"author":1,"featured_media":0,"parent":0,"menu_order":0,"comment_status":"closed","ping_status":"closed","template":"elementor_header_footer","meta":[],"_links":{"self":[{"href":"https:\/\/lmfv-ag.de\/index.php?rest_route=\/wp\/v2\/pages\/616"}],"collection":[{"href":"https:\/\/lmfv-ag.de\/index.php?rest_route=\/wp\/v2\/pages"}],"about":[{"href":"https:\/\/lmfv-ag.de\/index.php?rest_route=\/wp\/v2\/types\/page"}],"author":[{"embeddable":true,"href":"https:\/\/lmfv-ag.de\/index.php?rest_route=\/wp\/v2\/users\/1"}],"replies":[{"embeddable":true,"href":"https:\/\/lmfv-ag.de\/index.php?rest_route=%2Fwp%2Fv2%2Fcomments&post=616"}],"version-history":[{"count":12,"href":"https:\/\/lmfv-ag.de\/index.php?rest_route=\/wp\/v2\/pages\/616\/revisions"}],"predecessor-version":[{"id":629,"href":"https:\/\/lmfv-ag.de\/index.php?rest_route=\/wp\/v2\/pages\/616\/revisions\/629"}],"wp:attachment":[{"href":"https:\/\/lmfv-ag.de\/index.php?rest_route=%2Fwp%2Fv2%2Fmedia&parent=616"}],"curies":[{"name":"wp","href":"https:\/\/api.w.org\/{rel}","templated":true}]}}