{"id":374,"date":"2021-12-20T17:42:09","date_gmt":"2021-12-20T16:42:09","guid":{"rendered":"https:\/\/lmfv-ag.de\/?page_id=374"},"modified":"2022-03-17T16:50:11","modified_gmt":"2022-03-17T15:50:11","slug":"news","status":"publish","type":"page","link":"https:\/\/lmfv-ag.de\/?page_id=374","title":{"rendered":"News"},"content":{"rendered":"\t\t<div data-elementor-type=\"wp-page\" data-elementor-id=\"374\" class=\"elementor elementor-374\" data-elementor-settings=\"[]\">\n\t\t\t\t\t\t\t<div class=\"elementor-section-wrap\">\n\t\t\t\t\t\t\t<section class=\"elementor-section elementor-top-section elementor-element elementor-element-b2c38f7 elementor-section-boxed elementor-section-height-default elementor-section-height-default\" data-id=\"b2c38f7\" data-element_type=\"section\">\n\t\t\t\t\t\t<div class=\"elementor-container elementor-column-gap-default\">\n\t\t\t\t\t<div class=\"elementor-column elementor-col-100 elementor-top-column elementor-element elementor-element-8524f3b\" data-id=\"8524f3b\" data-element_type=\"column\">\n\t\t\t<div class=\"elementor-widget-wrap elementor-element-populated\">\n\t\t\t\t\t\t\t\t<div class=\"elementor-element elementor-element-392df17 elementor-widget elementor-widget-heading\" data-id=\"392df17\" data-element_type=\"widget\" data-widget_type=\"heading.default\">\n\t\t\t\t<div class=\"elementor-widget-container\">\n\t\t\t<style>\/*! elementor - v3.5.3 - 28-12-2021 *\/\n.elementor-heading-title{padding:0;margin:0;line-height:1}.elementor-widget-heading .elementor-heading-title[class*=elementor-size-]>a{color:inherit;font-size:inherit;line-height:inherit}.elementor-widget-heading .elementor-heading-title.elementor-size-small{font-size:15px}.elementor-widget-heading .elementor-heading-title.elementor-size-medium{font-size:19px}.elementor-widget-heading .elementor-heading-title.elementor-size-large{font-size:29px}.elementor-widget-heading .elementor-heading-title.elementor-size-xl{font-size:39px}.elementor-widget-heading .elementor-heading-title.elementor-size-xxl{font-size:59px}<\/style><h2 class=\"elementor-heading-title elementor-size-default\">News<\/h2>\t\t<\/div>\n\t\t\t\t<\/div>\n\t\t\t\t\t<\/div>\n\t\t<\/div>\n\t\t\t\t\t\t\t<\/div>\n\t\t<\/section>\n\t\t\t\t<section class=\"elementor-section elementor-top-section elementor-element elementor-element-86f69f4 elementor-section-boxed elementor-section-height-default elementor-section-height-default\" data-id=\"86f69f4\" data-element_type=\"section\">\n\t\t\t\t\t\t<div class=\"elementor-container elementor-column-gap-default\">\n\t\t\t\t\t<div class=\"elementor-column elementor-col-100 elementor-top-column elementor-element elementor-element-6b44a99\" data-id=\"6b44a99\" data-element_type=\"column\">\n\t\t\t<div class=\"elementor-widget-wrap elementor-element-populated\">\n\t\t\t\t\t\t\t\t<div class=\"elementor-element elementor-element-9bd20fa elementor-widget elementor-widget-spacer\" data-id=\"9bd20fa\" data-element_type=\"widget\" data-widget_type=\"spacer.default\">\n\t\t\t\t<div class=\"elementor-widget-container\">\n\t\t\t\t\t<div class=\"elementor-spacer\">\n\t\t\t<div class=\"elementor-spacer-inner\"><\/div>\n\t\t<\/div>\n\t\t\t\t<\/div>\n\t\t\t\t<\/div>\n\t\t\t\t\t<\/div>\n\t\t<\/div>\n\t\t\t\t\t\t\t<\/div>\n\t\t<\/section>\n\t\t\t\t<section class=\"elementor-section elementor-top-section elementor-element elementor-element-fa676f8 elementor-section-boxed elementor-section-height-default elementor-section-height-default\" data-id=\"fa676f8\" data-element_type=\"section\">\n\t\t\t\t\t\t<div class=\"elementor-container elementor-column-gap-default\">\n\t\t\t\t\t<div class=\"elementor-column elementor-col-100 elementor-top-column elementor-element elementor-element-2bbe5cc\" data-id=\"2bbe5cc\" data-element_type=\"column\">\n\t\t\t<div class=\"elementor-widget-wrap elementor-element-populated\">\n\t\t\t\t\t\t\t\t<div class=\"elementor-element elementor-element-70017e1 elementor-widget elementor-widget-text-editor\" data-id=\"70017e1\" data-element_type=\"widget\" data-widget_type=\"text-editor.default\">\n\t\t\t\t<div class=\"elementor-widget-container\">\n\t\t\t<style>\/*! elementor - v3.5.3 - 28-12-2021 *\/\n.elementor-widget-text-editor.elementor-drop-cap-view-stacked .elementor-drop-cap{background-color:#818a91;color:#fff}.elementor-widget-text-editor.elementor-drop-cap-view-framed .elementor-drop-cap{color:#818a91;border:3px solid;background-color:transparent}.elementor-widget-text-editor:not(.elementor-drop-cap-view-default) .elementor-drop-cap{margin-top:8px}.elementor-widget-text-editor:not(.elementor-drop-cap-view-default) .elementor-drop-cap-letter{width:1em;height:1em}.elementor-widget-text-editor .elementor-drop-cap{float:left;text-align:center;line-height:1;font-size:50px}.elementor-widget-text-editor .elementor-drop-cap-letter{display:inline-block}<\/style>\t\t\t\t<h4><strong>Wir trauern um das Gr\u00fcndungs-Mitglied <\/strong><\/h4>\n<h3><strong>Bodo Grafenhorst<\/strong><\/h3><div><br><\/div>\n<div><strong>M\u00e4rz 2022<\/strong><\/div><div><strong><br><\/strong><\/div>\n<p>Die Landes-Motorsport-Fachverb\u00e4nde in ganz Deutschland trauern um Bodo Grafenhorst. Der Ehrenvorsitzende und Gr\u00fcnder der Arbeits-Gemeinschaft der LMFV verstarb in der vergangenen Woche im Alter von 97 Jahren.<\/p>\n<p>Er war sein gesamtes Leben f\u00fcr die Entwicklung und F\u00f6rderung des Motorsports aktiv. Er war Fahrervertreter der ONS, Delegierter in einer FIA-Kommission, Vorsitzender des ADAC Mittelrhein und Vize-Pr\u00e4sident des ADAC f\u00fcr den Tourismus. Als treibende Kraft im Verein \u201eJa zum N\u00fcrburgring\u201c setzte er sich f\u00fcr den Bau und den Erhalt der Grand-Prix-Strecke ein, auch den Truck-Grand-Prix am Ring baute er mit auf. W\u00e4hrend seiner Pr\u00e4sidentschaft wurden unter anderem eine Sicherheitsstaffel gegr\u00fcndet und das erste Klinikmobil an einer Rennstrecke eingesetzt.<\/p>\n<p>In einem halben Jahrhundert Ehrenamt wurde Bodo Grafenhorst von zahlreichen Institutionen f\u00fcr seine Verdienste geehrt. Von der Goldenen Verdienstnadel des ADAC \u00fcber die Goldenen Sportabzeichen von AvD und DMV bis hin zur Graf Berghe von Trips-Medaille mit Brillanten und dem Bundesverdienstkreuz Erster Klasse.<\/p>\n<p>Wir werden ihm ein ehrendes Gedenken bewahren.<\/p>\n<p>Ruhe in Frieden Bodo Grafenhorst.<\/p>\t\t\t\t\t\t<\/div>\n\t\t\t\t<\/div>\n\t\t\t\t\t<\/div>\n\t\t<\/div>\n\t\t\t\t\t\t\t<\/div>\n\t\t<\/section>\n\t\t\t\t<section class=\"elementor-section elementor-top-section elementor-element elementor-element-54c9b64 elementor-section-boxed elementor-section-height-default elementor-section-height-default\" data-id=\"54c9b64\" data-element_type=\"section\">\n\t\t\t\t\t\t<div class=\"elementor-container elementor-column-gap-default\">\n\t\t\t\t\t<div class=\"elementor-column elementor-col-100 elementor-top-column elementor-element elementor-element-7c65215\" data-id=\"7c65215\" data-element_type=\"column\">\n\t\t\t<div class=\"elementor-widget-wrap elementor-element-populated\">\n\t\t\t\t\t\t\t\t<div class=\"elementor-element elementor-element-8ab79e8 elementor-widget-divider--view-line elementor-widget elementor-widget-divider\" data-id=\"8ab79e8\" data-element_type=\"widget\" data-widget_type=\"divider.default\">\n\t\t\t\t<div class=\"elementor-widget-container\">\n\t\t\t<style>\/*! elementor - v3.5.3 - 28-12-2021 *\/\n.elementor-widget-divider{--divider-border-style:none;--divider-border-width:1px;--divider-color:#2c2c2c;--divider-icon-size:20px;--divider-element-spacing:10px;--divider-pattern-height:24px;--divider-pattern-size:20px;--divider-pattern-url:none;--divider-pattern-repeat:repeat-x}.elementor-widget-divider .elementor-divider{display:-webkit-box;display:-ms-flexbox;display:flex}.elementor-widget-divider .elementor-divider__text{font-size:15px;line-height:1;max-width:95%}.elementor-widget-divider .elementor-divider__element{margin:0 var(--divider-element-spacing);-ms-flex-negative:0;flex-shrink:0}.elementor-widget-divider .elementor-icon{font-size:var(--divider-icon-size)}.elementor-widget-divider .elementor-divider-separator{display:-webkit-box;display:-ms-flexbox;display:flex;margin:0;direction:ltr}.elementor-widget-divider--view-line_icon .elementor-divider-separator,.elementor-widget-divider--view-line_text .elementor-divider-separator{-webkit-box-align:center;-ms-flex-align:center;align-items:center}.elementor-widget-divider--view-line_icon .elementor-divider-separator:after,.elementor-widget-divider--view-line_icon .elementor-divider-separator:before,.elementor-widget-divider--view-line_text .elementor-divider-separator:after,.elementor-widget-divider--view-line_text .elementor-divider-separator:before{display:block;content:\"\";border-bottom:0;-webkit-box-flex:1;-ms-flex-positive:1;flex-grow:1;border-top:var(--divider-border-width) var(--divider-border-style) var(--divider-color)}.elementor-widget-divider--element-align-left .elementor-divider .elementor-divider-separator>.elementor-divider__svg:first-of-type{-webkit-box-flex:0;-ms-flex-positive:0;flex-grow:0;-ms-flex-negative:100;flex-shrink:100}.elementor-widget-divider--element-align-left .elementor-divider-separator:before{content:none}.elementor-widget-divider--element-align-left .elementor-divider__element{margin-left:0}.elementor-widget-divider--element-align-right .elementor-divider .elementor-divider-separator>.elementor-divider__svg:last-of-type{-webkit-box-flex:0;-ms-flex-positive:0;flex-grow:0;-ms-flex-negative:100;flex-shrink:100}.elementor-widget-divider--element-align-right .elementor-divider-separator:after{content:none}.elementor-widget-divider--element-align-right .elementor-divider__element{margin-right:0}.elementor-widget-divider:not(.elementor-widget-divider--view-line_text):not(.elementor-widget-divider--view-line_icon) .elementor-divider-separator{border-top:var(--divider-border-width) var(--divider-border-style) var(--divider-color)}.elementor-widget-divider--separator-type-pattern{--divider-border-style:none}.elementor-widget-divider--separator-type-pattern.elementor-widget-divider--view-line .elementor-divider-separator,.elementor-widget-divider--separator-type-pattern:not(.elementor-widget-divider--view-line) .elementor-divider-separator:after,.elementor-widget-divider--separator-type-pattern:not(.elementor-widget-divider--view-line) .elementor-divider-separator:before,.elementor-widget-divider--separator-type-pattern:not([class*=elementor-widget-divider--view]) .elementor-divider-separator{width:100%;min-height:var(--divider-pattern-height);-webkit-mask-size:var(--divider-pattern-size) 100%;mask-size:var(--divider-pattern-size) 100%;-webkit-mask-repeat:var(--divider-pattern-repeat);mask-repeat:var(--divider-pattern-repeat);background-color:var(--divider-color);-webkit-mask-image:var(--divider-pattern-url);mask-image:var(--divider-pattern-url)}.elementor-widget-divider--no-spacing{--divider-pattern-size:auto}.elementor-widget-divider--bg-round{--divider-pattern-repeat:round}.rtl .elementor-widget-divider .elementor-divider__text{direction:rtl}<\/style>\t\t<div class=\"elementor-divider\">\n\t\t\t<span class=\"elementor-divider-separator\">\n\t\t\t\t\t\t<\/span>\n\t\t<\/div>\n\t\t\t\t<\/div>\n\t\t\t\t<\/div>\n\t\t\t\t\t<\/div>\n\t\t<\/div>\n\t\t\t\t\t\t\t<\/div>\n\t\t<\/section>\n\t\t\t\t<section class=\"elementor-section elementor-top-section elementor-element elementor-element-f9013fe elementor-section-boxed elementor-section-height-default elementor-section-height-default\" data-id=\"f9013fe\" data-element_type=\"section\">\n\t\t\t\t\t\t<div class=\"elementor-container elementor-column-gap-default\">\n\t\t\t\t\t<div class=\"elementor-column elementor-col-50 elementor-top-column elementor-element elementor-element-5134479\" data-id=\"5134479\" data-element_type=\"column\">\n\t\t\t<div class=\"elementor-widget-wrap elementor-element-populated\">\n\t\t\t\t\t\t\t\t<div class=\"elementor-element elementor-element-5253483 elementor-widget elementor-widget-image\" data-id=\"5253483\" data-element_type=\"widget\" data-widget_type=\"image.default\">\n\t\t\t\t<div class=\"elementor-widget-container\">\n\t\t\t<style>\/*! elementor - v3.5.3 - 28-12-2021 *\/\n.elementor-widget-image{text-align:center}.elementor-widget-image a{display:inline-block}.elementor-widget-image a img[src$=\".svg\"]{width:48px}.elementor-widget-image img{vertical-align:middle;display:inline-block}<\/style>\t\t\t\t\t\t\t\t\t\t\t\t<img width=\"307\" height=\"154\" src=\"https:\/\/lmfv-ag.de\/wp-content\/uploads\/2021\/12\/motorsportteamgermany.png\" class=\"attachment-large size-large\" alt=\"\" loading=\"lazy\" srcset=\"https:\/\/lmfv-ag.de\/wp-content\/uploads\/2021\/12\/motorsportteamgermany.png 307w, https:\/\/lmfv-ag.de\/wp-content\/uploads\/2021\/12\/motorsportteamgermany-300x150.png 300w\" sizes=\"100vw\" \/>\t\t\t\t\t\t\t\t\t\t\t\t\t\t\t<\/div>\n\t\t\t\t<\/div>\n\t\t\t\t\t<\/div>\n\t\t<\/div>\n\t\t\t\t<div class=\"elementor-column elementor-col-50 elementor-top-column elementor-element elementor-element-4cea7f3\" data-id=\"4cea7f3\" data-element_type=\"column\">\n\t\t\t<div class=\"elementor-widget-wrap elementor-element-populated\">\n\t\t\t\t\t\t\t\t<div class=\"elementor-element elementor-element-cca2f9a elementor-widget elementor-widget-text-editor\" data-id=\"cca2f9a\" data-element_type=\"widget\" data-widget_type=\"text-editor.default\">\n\t\t\t\t<div class=\"elementor-widget-container\">\n\t\t\t\t\t\t\t<h1><strong>GEMEINSAM F\u00dcR DEN NACHWUCHS: DMSB UND ADAC STIFTUNG SPORT B\u00dcNDELN IHRE KR\u00c4FTE<\/strong><\/h1>\t\t\t\t\t\t<\/div>\n\t\t\t\t<\/div>\n\t\t\t\t\t<\/div>\n\t\t<\/div>\n\t\t\t\t\t\t\t<\/div>\n\t\t<\/section>\n\t\t\t\t<section class=\"elementor-section elementor-top-section elementor-element elementor-element-ff7a046 elementor-section-boxed elementor-section-height-default elementor-section-height-default\" data-id=\"ff7a046\" data-element_type=\"section\">\n\t\t\t\t\t\t<div class=\"elementor-container elementor-column-gap-default\">\n\t\t\t\t\t<div class=\"elementor-column elementor-col-100 elementor-top-column elementor-element elementor-element-17bd4ac\" data-id=\"17bd4ac\" data-element_type=\"column\">\n\t\t\t<div class=\"elementor-widget-wrap elementor-element-populated\">\n\t\t\t\t\t\t\t\t<div class=\"elementor-element elementor-element-d1cc93d elementor-widget elementor-widget-text-editor\" data-id=\"d1cc93d\" data-element_type=\"widget\" data-widget_type=\"text-editor.default\">\n\t\t\t\t<div class=\"elementor-widget-container\">\n\t\t\t\t\t\t\t<p>Gemeinsam wird der DMSB\/dmsj mit der ADAC Stiftung Sport ab dem Jahr 2022 das\u00a0<b>Motorsport Team Germany<\/b>, quasi die deutsche Motorsport Nationalmannschaft, ins Leben rufen.<\/p><p>Wie in den bis 2020 getrennten Kadern sollen hier die besten der besten Nachwuchssportler\u00a0<b>aller Motorsportdisziplinen<\/b>\u00a0nun gemeinsam gezielt gef\u00f6rdert werden, um ihnen den Weg in die Weltspitze in ihrer Motorsportdisziplin zu ebnen.<\/p><p>F\u00fcr dieses Motorsport Team Germany suchen wir nun\u00a0<b>Talente aus allen DMSB Mitgliedsorganisationen. Alle Informationen hierzu entnehmen Sie bitte diesem Link: <br \/><\/b><\/p><p><span style=\"language: de;\"><a href=\"https:\/\/www.dmsb.de\/de\/medien-service\/news\/news-detail\/event\/dmsb-und-adac-suchen-talente-fuer-neu-formiertes-motorsport-team-germany\">https:\/\/www.dmsb.de\/de\/medien-service\/news\/news-detail\/event\/dmsb-und-adac-suchen-talente-fuer-neu-formiertes-motorsport-team-germany<\/a><\/span><\/p>\t\t\t\t\t\t<\/div>\n\t\t\t\t<\/div>\n\t\t\t\t\t<\/div>\n\t\t<\/div>\n\t\t\t\t\t\t\t<\/div>\n\t\t<\/section>\n\t\t\t\t<section class=\"elementor-section elementor-top-section elementor-element elementor-element-7c533ff elementor-section-boxed elementor-section-height-default elementor-section-height-default\" data-id=\"7c533ff\" data-element_type=\"section\">\n\t\t\t\t\t\t<div class=\"elementor-container elementor-column-gap-default\">\n\t\t\t\t\t<div class=\"elementor-column elementor-col-100 elementor-top-column elementor-element elementor-element-3b86d64\" data-id=\"3b86d64\" data-element_type=\"column\">\n\t\t\t<div class=\"elementor-widget-wrap elementor-element-populated\">\n\t\t\t\t\t\t\t\t<div class=\"elementor-element elementor-element-bb7ed8d elementor-widget elementor-widget-image\" data-id=\"bb7ed8d\" data-element_type=\"widget\" data-widget_type=\"image.default\">\n\t\t\t\t<div class=\"elementor-widget-container\">\n\t\t\t\t\t\t\t\t\t\t\t\t\t\t\t<img width=\"1100\" height=\"720\" src=\"https:\/\/lmfv-ag.de\/wp-content\/uploads\/2021\/12\/ebenenimms.png\" class=\"attachment-2048x2048 size-2048x2048\" alt=\"\" loading=\"lazy\" srcset=\"https:\/\/lmfv-ag.de\/wp-content\/uploads\/2021\/12\/ebenenimms.png 1100w, https:\/\/lmfv-ag.de\/wp-content\/uploads\/2021\/12\/ebenenimms-300x196.png 300w, https:\/\/lmfv-ag.de\/wp-content\/uploads\/2021\/12\/ebenenimms-1024x670.png 1024w, https:\/\/lmfv-ag.de\/wp-content\/uploads\/2021\/12\/ebenenimms-768x503.png 768w\" sizes=\"100vw\" \/>\t\t\t\t\t\t\t\t\t\t\t\t\t\t\t<\/div>\n\t\t\t\t<\/div>\n\t\t\t\t\t<\/div>\n\t\t<\/div>\n\t\t\t\t\t\t\t<\/div>\n\t\t<\/section>\n\t\t\t\t\t\t<\/div>\n\t\t\t\t\t<\/div>\n\t\t","protected":false},"excerpt":{"rendered":"<p>News Wir trauern um das Gr\u00fcndungs-Mitglied Bodo Grafenhorst M\u00e4rz 2022 Die Landes-Motorsport-Fachverb\u00e4nde in ganz Deutschland trauern um Bodo Grafenhorst. Der Ehrenvorsitzende und Gr\u00fcnder der Arbeits-Gemeinschaft der LMFV verstarb in der vergangenen Woche im Alter von 97 Jahren. Er war sein gesamtes Leben f\u00fcr die Entwicklung und F\u00f6rderung des Motorsports aktiv. Er war Fahrervertreter der ONS, &hellip; <\/p>\n<p class=\"link-more\"><a href=\"https:\/\/lmfv-ag.de\/?page_id=374\" class=\"more-link\"><span class=\"screen-reader-text\">\u201eNews\u201c<\/span> weiterlesen<\/a><\/p>\n","protected":false},"author":1,"featured_media":0,"parent":0,"menu_order":0,"comment_status":"closed","ping_status":"closed","template":"elementor_header_footer","meta":[],"_links":{"self":[{"href":"https:\/\/lmfv-ag.de\/index.php?rest_route=\/wp\/v2\/pages\/374"}],"collection":[{"href":"https:\/\/lmfv-ag.de\/index.php?rest_route=\/wp\/v2\/pages"}],"about":[{"href":"https:\/\/lmfv-ag.de\/index.php?rest_route=\/wp\/v2\/types\/page"}],"author":[{"embeddable":true,"href":"https:\/\/lmfv-ag.de\/index.php?rest_route=\/wp\/v2\/users\/1"}],"replies":[{"embeddable":true,"href":"https:\/\/lmfv-ag.de\/index.php?rest_route=%2Fwp%2Fv2%2Fcomments&post=374"}],"version-history":[{"count":31,"href":"https:\/\/lmfv-ag.de\/index.php?rest_route=\/wp\/v2\/pages\/374\/revisions"}],"predecessor-version":[{"id":613,"href":"https:\/\/lmfv-ag.de\/index.php?rest_route=\/wp\/v2\/pages\/374\/revisions\/613"}],"wp:attachment":[{"href":"https:\/\/lmfv-ag.de\/index.php?rest_route=%2Fwp%2Fv2%2Fmedia&parent=374"}],"curies":[{"name":"wp","href":"https:\/\/api.w.org\/{rel}","templated":true}]}}